{"id":1554,"date":"2018-10-08T21:59:49","date_gmt":"2018-10-08T19:59:49","guid":{"rendered":"http:\/\/www.fcremigen.ch\/?page_id=1554"},"modified":"2026-03-20T09:35:16","modified_gmt":"2026-03-20T08:35:16","slug":"remi-fit-fitness","status":"publish","type":"page","link":"https:\/\/www.fcremigen.ch\/?page_id=1554","title":{"rendered":"REMI-FIT (Fitness)"},"content":{"rendered":"\n<p class=\"has-blue-color has-text-color has-link-color has-large-font-size wp-elements-2284b1ea53b8059c9745d270ac597306\"><strong>Hinweis: Das Remi-Fit ist bereits bis Ende Jahr 2026 ausgebucht. Keine Neuanmeldungen m\u00f6glich. Danke f\u00fcr euer Verst\u00e4ndnis.<\/strong> <\/p>\n\n\n\n<p class=\"has-medium-font-size\">Der bekannte kleine Remiger Fitnessraum JOWIFIT heisst seit ein paar Jahren neu <strong>REMI-FIT<\/strong> und wird seit Oktober 2018 durch unseren FZCR-Vereinspr\u00e4sidenten Remo Mosimann gef\u00fchrt. Wir bieten diverse Ger\u00e4te f\u00fcr Kardio und Krafttraining.&nbsp;<\/p>\n\n\n\n<h2 class=\"wp-block-heading\"><strong>Mitgliederbeitr\u00e4ge Fitnessraum<\/strong><\/h2>\n\n\n\n<ul class=\"wp-block-list\">\n<li class=\"has-medium-font-size\"><s>1 Jahr: <strong>CHF 400.-<\/strong><\/s><\/li>\n\n\n\n<li class=\"has-medium-font-size\"><s>1\/2 Jahr: CHF 210.-<\/s><\/li>\n\n\n\n<li class=\"has-medium-font-size\"><s>1\/4 Jahr: CHF 110.-<\/s>\u00a0<\/li>\n\n\n\n<li class=\"has-medium-font-size\"><s>Plus einmalig <strong>CHF 50.- <\/strong>Aufwandgeb\u00fchr f\u00fcr den Schl\u00fcssel<\/s><\/li>\n<\/ul>\n\n\n\n<p class=\"has-medium-font-size\">Hinweis: Aktiv-Vereinsmitglieder vom Freizeitclub Remigen bekommen 25% Rabatt f\u00fcr den Jahresbetrag (total CHF 300.- \/ 1y)<\/p>\n\n\n\n<h2 class=\"wp-block-heading\"><strong>Adresse Fitness<\/strong><\/h2>\n\n\n\n<p class=\"has-medium-font-size\">Gansingerstrasse 18, 5236 Remigen (rechts von der Wernli-Metzg)<br>Postadresse Remo: Kreuzbrunnen 1, 5107 Schinznach Dorf (f\u00fcr die Korrespondenz)<\/p>\n\n\n\n<h2 class=\"wp-block-heading\"><strong>Weitere Fragen? Interesse? Kontakt gew\u00fcnscht?<\/strong><\/h2>\n\n\n\n<p class=\"has-medium-font-size\">Bitte Web-Formular verwenden oder pers\u00f6nlich mit Remo Mosimann Kontakt aufnehmen. Wir bitten um Verst\u00e4ndnis, dass wir nicht gleich sofort antworten.<\/p>\n\n\n\n<h2 class=\"wp-block-heading\"><strong>Bankverbindung &#8222;REMI-FIT&#8220;<\/strong><\/h2>\n\n\n\n<p class=\"has-medium-font-size\">Raiffeisenbank B\u00f6ttstein, 5314 Kleind\u00f6ttingen!<br>Bankclearing 80652<br>IBAN CH64 8065 2000 0072 8854 2<\/p>\n\n\n\n<h2 class=\"wp-block-heading\"><strong>Bilder<\/strong><\/h2>\n\n\n<div class=\"wp-block-image\">\n<figure class=\"alignleft\"><a href=\"https:\/\/www.fcremigen.ch\/wp-content\/uploads\/2018\/10\/IMG-20181011-181426-001.jpg\"><img loading=\"lazy\" decoding=\"async\" width=\"300\" height=\"225\" src=\"https:\/\/www.fcremigen.ch\/wp-content\/uploads\/2018\/10\/IMG-20181011-181426-001-300x225.jpg\" alt=\"\" class=\"wp-image-1562\" srcset=\"https:\/\/www.fcremigen.ch\/wp-content\/uploads\/2018\/10\/IMG-20181011-181426-001-300x225.jpg 300w, https:\/\/www.fcremigen.ch\/wp-content\/uploads\/2018\/10\/IMG-20181011-181426-001-768x576.jpg 768w, https:\/\/www.fcremigen.ch\/wp-content\/uploads\/2018\/10\/IMG-20181011-181426-001.jpg 1024w, https:\/\/www.fcremigen.ch\/wp-content\/uploads\/2018\/10\/IMG-20181011-181426-001-624x468.jpg 624w\" sizes=\"auto, (max-width: 300px) 100vw, 300px\" \/><\/a><\/figure>\n<\/div>\n\n<div class=\"wp-block-image\">\n<figure class=\"alignleft\"><a href=\"https:\/\/www.fcremigen.ch\/wp-content\/uploads\/2018\/10\/IMG-20181011-181437-002.jpg\"><img loading=\"lazy\" decoding=\"async\" width=\"300\" height=\"225\" src=\"https:\/\/www.fcremigen.ch\/wp-content\/uploads\/2018\/10\/IMG-20181011-181437-002-300x225.jpg\" alt=\"\" class=\"wp-image-1563\" srcset=\"https:\/\/www.fcremigen.ch\/wp-content\/uploads\/2018\/10\/IMG-20181011-181437-002-300x225.jpg 300w, https:\/\/www.fcremigen.ch\/wp-content\/uploads\/2018\/10\/IMG-20181011-181437-002-768x576.jpg 768w, https:\/\/www.fcremigen.ch\/wp-content\/uploads\/2018\/10\/IMG-20181011-181437-002.jpg 1024w, https:\/\/www.fcremigen.ch\/wp-content\/uploads\/2018\/10\/IMG-20181011-181437-002-624x468.jpg 624w\" sizes=\"auto, (max-width: 300px) 100vw, 300px\" \/><\/a><\/figure>\n<\/div>\n\n\n<p><\/p>\n\n\n\n<p><\/p>\n\n\n\n<p><\/p>\n\n\n\n<p><\/p>\n\n\n\n<p><\/p>\n","protected":false},"excerpt":{"rendered":"<p>Hinweis: Das Remi-Fit ist bereits bis Ende Jahr 2026 ausgebucht. Keine Neuanmeldungen m\u00f6glich. Danke f\u00fcr euer Verst\u00e4ndnis. Der bekannte kleine Remiger Fitnessraum JOWIFIT heisst seit ein paar Jahren neu REMI-FIT und wird seit Oktober 2018 durch unseren FZCR-Vereinspr\u00e4sidenten Remo Mosimann gef\u00fchrt. Wir bieten diverse Ger\u00e4te f\u00fcr Kardio und Krafttraining.&nbsp; Mitgliederbeitr\u00e4ge Fitnessraum Hinweis: Aktiv-Vereinsmitglieder vom Freizeitclub [&hellip;]<\/p>\n","protected":false},"author":4,"featured_media":0,"parent":0,"menu_order":0,"comment_status":"closed","ping_status":"closed","template":"","meta":{"ngg_post_thumbnail":0,"footnotes":""},"class_list":["post-1554","page","type-page","status-publish","hentry"],"_links":{"self":[{"href":"https:\/\/www.fcremigen.ch\/index.php?rest_route=\/wp\/v2\/pages\/1554","targetHints":{"allow":["GET"]}}],"collection":[{"href":"https:\/\/www.fcremigen.ch\/index.php?rest_route=\/wp\/v2\/pages"}],"about":[{"href":"https:\/\/www.fcremigen.ch\/index.php?rest_route=\/wp\/v2\/types\/page"}],"author":[{"embeddable":true,"href":"https:\/\/www.fcremigen.ch\/index.php?rest_route=\/wp\/v2\/users\/4"}],"replies":[{"embeddable":true,"href":"https:\/\/www.fcremigen.ch\/index.php?rest_route=%2Fwp%2Fv2%2Fcomments&post=1554"}],"version-history":[{"count":21,"href":"https:\/\/www.fcremigen.ch\/index.php?rest_route=\/wp\/v2\/pages\/1554\/revisions"}],"predecessor-version":[{"id":3000,"href":"https:\/\/www.fcremigen.ch\/index.php?rest_route=\/wp\/v2\/pages\/1554\/revisions\/3000"}],"wp:attachment":[{"href":"https:\/\/www.fcremigen.ch\/index.php?rest_route=%2Fwp%2Fv2%2Fmedia&parent=1554"}],"curies":[{"name":"wp","href":"https:\/\/api.w.org\/{rel}","templated":true}]}}

<p class="has-blue-color has-text-color has-link-color has-large-font-size wp-elements-2284b1ea53b8059c9745d270ac597306"><strong>Hinweis: Das Remi-Fit ist bereits bis Ende Jahr 2026 ausgebucht. Keine Neuanmeldungen möglich. Danke für euer Verständnis.</strong> </p>



<p class="has-medium-font-size">Der bekannte kleine Remiger Fitnessraum JOWIFIT heisst seit ein paar Jahren neu <strong>REMI-FIT</strong> und wird seit Oktober 2018 durch unseren FZCR-Vereinspräsidenten Remo Mosimann geführt. Wir bieten diverse Geräte für Kardio und Krafttraining.&nbsp;</p>



<h2 class="wp-block-heading"><strong>Mitgliederbeiträge Fitnessraum</strong></h2>



<ul class="wp-block-list">
<li class="has-medium-font-size"><s>1 Jahr: <strong>CHF 400.-</strong></s></li>



<li class="has-medium-font-size"><s>1/2 Jahr: CHF 210.-</s></li>



<li class="has-medium-font-size"><s>1/4 Jahr: CHF 110.-</s> </li>



<li class="has-medium-font-size"><s>Plus einmalig <strong>CHF 50.- </strong>Aufwandgebühr für den Schlüssel</s></li>
</ul>



<p class="has-medium-font-size">Hinweis: Aktiv-Vereinsmitglieder vom Freizeitclub Remigen bekommen 25% Rabatt für den Jahresbetrag (total CHF 300.- / 1y)</p>



<h2 class="wp-block-heading"><strong>Adresse Fitness</strong></h2>



<p class="has-medium-font-size">Gansingerstrasse 18, 5236 Remigen (rechts von der Wernli-Metzg)<br>Postadresse Remo: Kreuzbrunnen 1, 5107 Schinznach Dorf (für die Korrespondenz)</p>



<h2 class="wp-block-heading"><strong>Weitere Fragen? Interesse? Kontakt gewünscht?</strong></h2>



<p class="has-medium-font-size">Bitte Web-Formular verwenden oder persönlich mit Remo Mosimann Kontakt aufnehmen. Wir bitten um Verständnis, dass wir nicht gleich sofort antworten.</p>



<h2 class="wp-block-heading"><strong>Bankverbindung &#8222;REMI-FIT&#8220;</strong></h2>



<p class="has-medium-font-size">Raiffeisenbank Böttstein, 5314 Kleindöttingen!<br>Bankclearing 80652<br>IBAN CH64 8065 2000 0072 8854 2</p>



<h2 class="wp-block-heading"><strong>Bilder</strong></h2>


<div class="wp-block-image">
<figure class="alignleft"><a href="https://www.fcremigen.ch/wp-content/uploads/2018/10/IMG-20181011-181426-001.jpg"><img loading="lazy" decoding="async" width="300" height="225" src="https://www.fcremigen.ch/wp-content/uploads/2018/10/IMG-20181011-181426-001-300x225.jpg" alt="" class="wp-image-1562" srcset="https://www.fcremigen.ch/wp-content/uploads/2018/10/IMG-20181011-181426-001-300x225.jpg 300w, https://www.fcremigen.ch/wp-content/uploads/2018/10/IMG-20181011-181426-001-768x576.jpg 768w, https://www.fcremigen.ch/wp-content/uploads/2018/10/IMG-20181011-181426-001.jpg 1024w, https://www.fcremigen.ch/wp-content/uploads/2018/10/IMG-20181011-181426-001-624x468.jpg 624w" sizes="auto, (max-width: 300px) 100vw, 300px" /></a></figure>
</div>

<div class="wp-block-image">
<figure class="alignleft"><a href="https://www.fcremigen.ch/wp-content/uploads/2018/10/IMG-20181011-181437-002.jpg"><img loading="lazy" decoding="async" width="300" height="225" src="https://www.fcremigen.ch/wp-content/uploads/2018/10/IMG-20181011-181437-002-300x225.jpg" alt="" class="wp-image-1563" srcset="https://www.fcremigen.ch/wp-content/uploads/2018/10/IMG-20181011-181437-002-300x225.jpg 300w, https://www.fcremigen.ch/wp-content/uploads/2018/10/IMG-20181011-181437-002-768x576.jpg 768w, https://www.fcremigen.ch/wp-content/uploads/2018/10/IMG-20181011-181437-002.jpg 1024w, https://www.fcremigen.ch/wp-content/uploads/2018/10/IMG-20181011-181437-002-624x468.jpg 624w" sizes="auto, (max-width: 300px) 100vw, 300px" /></a></figure>
</div>


<p></p>



<p></p>



<p></p>



<p></p>



<p></p>

<p>Hinweis: Das Remi-Fit ist bereits bis Ende Jahr 2026 ausgebucht. Keine Neuanmeldungen möglich. Danke für euer Verständnis. Der bekannte kleine Remiger Fitnessraum JOWIFIT heisst seit ein paar Jahren neu REMI-FIT und wird seit Oktober 2018 durch unseren FZCR-Vereinspräsidenten Remo Mosimann geführt. Wir bieten diverse Geräte für Kardio und Krafttraining.&nbsp; Mitgliederbeiträge Fitnessraum Hinweis: Aktiv-Vereinsmitglieder vom Freizeitclub [&hellip;]</p>
